/2 + h - 2. Let y(t) be the first derivative of z(t). Determine y(-3).
-16
Suppose -4*w - 3 = 1. Let x(b) be the second derivative of 7*b**3/3 - 4328*b. Give x(w).
-14
Let n(q) be the second derivative of -q**3/6 + q**2 - 53*q. Suppose 4*a - 12 = -0*a. Suppose 6 = -f + 4*x, -2*f + 15 = 2*f - a*x. What is n(f)?
-4
Let a(c) = c**2 - 6. Suppose 120 - 120 = -14*h. What is a(h)?
-6
Let w(i) = -i**3 - 4*i**2 - 2*i - 1. Let v = 426 + -430. Determine w(v).
7
Let n(f) = f**2 + 4*f - 5. Let d be -15*(-3 - (-21)/9). Suppose d*t + p = 5*t - 28, t - 2*p + 10 = 0. What is n(t)?
7
Suppose r + 3 + 2 = 0. Let s(x) = -31956 + 6*x + 15980 + 15980. What is s(r)?
-26
Let o(j) be the second derivative of -j**3/6 + 3*j**2/2 - 351*j. What is o(-4)?
7
Let a(u) = 6*u**2 - u - 1. Let q = -310 + 309. What is a(q)?
6
Let j(d) = -10*d + 21. Let z(v) = 9*v - 16. Let r(u) = -5*j(u) - 6*z(u). What is r(5)?
-29
Let d be 10 - ((-85)/(-34) + (-3)/(-2)). Let x(r) be the second derivative of 0 - d*r + 2*r**2 - 5/6*r**3 + 1/6*r**4. Calculate x(3).
7
Suppose 10*n - 5*f = 9*n - 31, 0 = n + f + 7. Let b(u) = u**3 + 10*u**2 - 11*u - 4. Determine b(n).
-4
Let p(v) be the first derivative of 2*v**2 + 3*v - 148. Determine p(-7).
-25
Suppose -5*c + 6 = 21. Let g(d) be the second derivative of 1/2*d**3 - 1/2*d**2 + 0 - 15*d + 1/12*d**4. Calculate g(c).
-1
Let v(d) be the third derivative of -d**4/8 - d**3/2 - d**2. Suppose 6 = 2*l - 4*a, 0 = -2*l - 0*a - 5*a + 6. Determine v(l).
-12
Let c(u) = 5*u + 1. Let s(i) = -4*i + 3. Let k be s(-1). Suppose -2 = 3*y - q - k, 0 = -5*y + 2*q + 9. What is c(y)?
6
Let z(x) = -2*x**3 - 49*x**2 + 15*x - 23. Let f(r) = r**3 + 23*r**2 - 8*r + 12. Let p(c) = 9*f(c) + 4*z(c). What is p(-12)?
16
Let d = 683 - 677. Suppose 5*t - 32 = -12. Let s(j) = 5 - t*j**2 + 2 - 7 + d*j - j**3. Give s(-5).
-5
Let f(k) = k**2 - 2*k - 1. Let n = -758 - -764. What is f(n)?
23
Let p(b) = b**2 - 27*b + 37. Let f(h) = -2*h - 2. Let w(m) = -3*f(m) + p(m). Determine w(19).
5
Let r = -109/12 - -28/3. Let w(m) be the first derivative of -1/2*m**2 - r*m**4 - 2 - 1/3*m**3 + 0*m. Determine w(0).
0
Let w(d) = d - 2. Suppose -6*n + 5 + 37 = 0. Let v be (-44)/n - (-18)/63. Give w(v).
-8
Let x(v) = 139*v**2 + v - 2*v + 3*v - 135*v**2. What is x(-2)?
12
Suppose 4*u = 12 + 12. Suppose -9 = q - 4*m, -2*q + 5*m - u = 3*m. Let s(r) = -6*r. Determine s(q).
6
Let x(i) = 7*i - 4. Let k(c) = -29*c + 17. Suppose 4*w = 2*w - 22. Let b = -20 - w. Let v(z) = b*x(z) - 2*k(z). Determine v(4).
-18
Let r(d) = -5*d + 1. Let j(f) = 17*f + 1. Let c(p) = -2*j(p) - 7*r(p). Calculate c(8).
-1
Let x(f) = 1. Let s(k) = -k - 6. Let w be s(-4). Let o(g) = -3*g + 3. Let c(r) = w*x(r) + o(r). What is c(-3)?
10
Suppose 0 = -2*c - y + 6, 3*c - 9 = -0*c - 4*y. Let w(a) = -3 - 5*a**2 + 7 + 8*a**3 - 7*a**c. Let z = 21 + -16. Calculate w(z).
4
Let t = 104 - -128. Let h(b) = -232*b + 463*b - 6 - t*b. Let o(p) = p**2 - 3*p + 2. Let y be o(2). Calculate h(y).
-6
Suppose -56 = -9*u - 2. Let f(b) = -b. What is f(u)?
-6
Suppose -4*h + 23 = -5*q, 0 + 19 = -3*q + 5*h. Let s(i) = i**2 - 2*i. Determine s(q).
15
Let h(a) = 14*a**3 + a**2. Let n(x) = -x**3 + 29*x**2 + x - 28. Let y be n(29). Give h(y).
15
Suppose 0*o = 5*o + 4*t - 31, 4*o - 2*t - 4 = 0. Let w(u) = 135 + u - 68 - 62 - u**o. Give w(0).
5
Let t(f) = 5*f + 2. Suppose 4*w = -4*l, w - 2*l + 5*l = -4. Suppose 4*o - 20 = -3*a + 4*a, -5*o + 12 = w*a. Let q be 18/o*(-8)/12. Calculate t(q).
-13
Let x(r) = -r**3 + 4*r**2 - 5*r + 2. Let v(t) = -t + 2 - 3 + 0. Let i(d) = -d + 2. Let k be i(6). Let h be v(k). Determine x(h).
-4
Let k be 4/6 + 39/9. Suppose -d - 28 = -k*d. Let m(f) = 0*f**3 - f**3 + 7*f**2 + f - 13 - 2 + 0 + 20. Determine m(d).
12
Let m(i) be the third derivative of 7*i**5/30 + i**3/6 + 177*i**2. What is m(1)?
15
Let g = -279 + 286. Let x(l) be the third derivative of -l**5/60 + 5*l**4/24 + 4*l**3/3 - l**2. Calculate x(g).
-6
Let p(u) be the third derivative of u**4/4 + u**3/2 + 2*u**2. Let d = -74 - -53. Let a = d + 19. What is p(a)?
-9
Let y(w) = -w**2 - 10*w - 5. Suppose -63*g + 18 = -66*g. Calculate y(g).
19
Let f(y) = y**2 - y - 12. Let z(q) = -3*q - 31. Let x be z(-13). Suppose -x*u = -0*u. Calculate f(u).
-12
Let o(u) = -16*u - 69. Let f be o(-5). Let t(g) = -g**3 + 11*g**2 - 3*g + 15. Calculate t(f).
-18
Let o(p) = -9*p**2 + 8*p**2 + 398 - 391. Calculate o(0).
7
Let f(s) = 2*s - 15. Suppose -196*z = -243*z + 705. Give f(z).
15
Let d(i) = 4*i**3 - 4*i**2 + 3*i + 13. Let y(m) = 7*m**3 - 9*m**2 + 6*m + 26. Let o(q) = 5*d(q) - 3*y(q). Give o(6).
5
Let l(c) be the first derivative of -c**3/3 + 3*c**2 - 58. What is l(5)?
5
Let v(f) = -f**2 + 5*f + 7. Let k(c) = c**3 - 2*c**2 - 1. Let s(t) = -t**3 + 3*t**2 + t + 2. Let q(b) = -5*k(b) - 4*s(b). Let z be q(-2). Give v(z).
7
Let l(b) = -b**2 - 6*b - 3. Suppose -147 = 17*m + 32*m. Determine l(m).
6
Let s(k) = k**3 + 31*k**2 + 58*k + 8. Suppose -6*y = -5*a - 139, 27 = -3*a + 2*y - 58. What is s(a)?
8
Let u(b) be the first derivative of b**3/3 + b**2 + b - 475. Determine u(3).
16
Let x(y) = -y**2 - 7*y + 12. Let j be x(-8). Suppose -65 = 5*z + j*c, -2*c + 3*c + 14 = -z. Let b(f) = -f**2 - 8*f + 1. Determine b(z).
-8
Suppose -27 = -14*y + 11*y. Let n(v) be the third derivative of 0 + 0*v + 1/24*v**4 - 5/6*v**3 + v**2. Determine n(y).
4
Let b(n) be the third derivative of n**5/15 - n**4/8 + n**3/6 + 408*n**2. Determine b(1).
2
Suppose -4*b = 5*p - 14, 3*p = b + 2*b - 24. Suppose 4*k + 2 - b = 0. Let j(u) = u. Let s(f) = 2*f. Let l(q) = 4*j(q) + 4*s(q). Determine l(k).
12
Let j(m) be the third derivative of -m**4/24 - 11*m**3/2 - 133*m**2. Give j(-17).
-16
Suppose -10 = 5*y + 5. Let g(z) = -2*z**3 + 8*z**2 + 3*z - 6. Let r(u) = -3*u**3 + 9*u**2 + 4*u - 6. Let s(d) = y*r(d) + 4*g(d). What is s(-5)?
-6
Let m(x) = 8*x**3 - 15*x**2 + 37*x - 50. Let d(t) = -3*t**3 + 5*t**2 - 13*t + 17. Let c(b) = 11*d(b) + 4*m(b). Calculate c(-6).
-7
Let t(s) be the third derivative of s**5/60 - s**4/8 - s**3 - 9*s**2 - 2*s. Determine t(-4).
22
Let n be (12/9)/((-3)/9). Let a(j) = j**3 + 5*j**2 + 7*j - 4. Let s be a(n). Let d = s + 20. Let h(c) = c**3 - 5*c**2 + 2*c - 1. Give h(d).
-9
Let c(j) = -j**2 - 3*j + 12. Let z be (-93)/24 + -1 - 5/40. Let h be c(z). Let n(v) = 3*v**2 - 2*v + 2. Determine n(h).
10
Let l(w) = 4*w**2 + 16*w + 9. Let a(x) = 6*x**2 + 23*x + 13. Let v(o) = 5*a(o) - 7*l(o). Calculate v(-2).
4
Let m(q) = q**2 + q. Let j(g) = 3*g**2 + 3*g - 2. Let v(y) = j(y) - 2*m(y). Let a = 21 + -15. Suppose a*t - 13 = -1. Calculate v(t).
4
Let q(m) = -m**3 - 8*m**2 - 6*m + 7. Suppose 15*v - 238 + 343 = 0. Give q(v).
0
Suppose 4*i - 38 = 2*k, 4*k - k - 5*i + 56 = 0. Let p = k + 23. Let r(d) = p*d - 2 + d**2 - 6 + 5 + 9. Give r(-4).
-2
Let h(v) be the first derivative of -v**4/4 - 8*v**3/3 - 4*v**2 - 9*v - 2. Let l = 49 + -56. Determine h(l).
-2
Let z(g) = -5*g**2 + 11*g + 10. Let b be z(-1). Let c(m) = -m**2. Let y(t) = -4*t**2 + 7*t - 2. Let v(f) = -5*c(f) + y(f). Determine v(b).
-8
Let p(a) = 3*a**3 - 5*a**2 - 2*a + 3. Let u(y) = -4*y**3 + 5*y**2 + 2*y - 3. Suppose 2*w - 26 = -30. Let c(x) = w*u(x) - 3*p(x). Calculate c(6).
-27
Let n(u) = -u**3 + 6*u**2 + 8*u - 1. Let t be n(7). Let s(x) be the second derivative of x**5/20 - 5*x**4/12 - 5*x**3/6 - 7*x**2/2 + 9*x. Calculate s(t).
-1
Let m(o) = 3*o**2 + 62*o + 40. Let w be m(-20). Suppose -d - 10 = -2*n, n - 5*d - 6 = 8. Let f(c) = 3 + 4 - n*c + 3*c + c**3. Give f(w).
7
Let v(p) = 3*p - 1. Let q(r) = 7 - r**2 + 11*r + 3*r**2 - r**2 - 2*r. Let c(o) = 2*o + 2. Let n be c(-5). Let a be q(n). Calculate v(a).
-4
Let a(z) be the second derivative of 0 + 1/2*z**3 + 9*z - 1/2*z**2. Suppose -6 = 2*v - 3*k, 2*v - 2*k + 6 = 3*k. Calculate a(v).
-10
Let a(c) = -c - 9. Let w(m) = 4*m + 46. Let k(i) = -11*a(i) - 2*w(i). Let t(r) = -2*r - 1. Let p(s) = -k(s) - 3*t(s). Give p(3).
5
Let v(m) be the second derivative of -m**5/20 - 2*m**4/3 - 7*m**3/6 - 3*m**2/2 + 2*m + 55. Determine v(-7).
-3
Let u(s) be the third derivative of -5*s**4/24 + s**3/2 - 21*s**2 + 5. What is u(4)?
-17
Let j be 0/2 + 1*2. Let b(f) = 0*f**j - f**2 - 34*f + 38*f + 1. Determine b(5).
-4
Let u = 16 - 26. Let g = 17 + u. Let d(b) = -156 + 78 + b + 72. Give d(g).
1
Suppose -3 = -4*k - 2*u - 23, -5*k - 2*u = 24. Let z(d) = 13 + d**3 - 2*d*